= 5 + -8. Let z(f) = f**2 + f + 1. What is the remainder when i is divided by z(r)?
4
Suppose -3*d - 877 = -5*j - 236, -3*j + 5*d + 375 = 0. What is the remainder when j is divided by 48?
34
Calculate the remainder when 716 is divided by -3*((-39)/234)/((-2)/(-284)).
6
Let u = -20332 + 21359. What is the remainder when u is divided by 115?
107
Suppose 226 = 8*i - 814. Calculate the remainder when 1428 is divided by i.
128
Suppose m - t = 75, 0*m - 5*t - 305 = -4*m. Let k = -83 - -96. What is the remainder when m is divided by k?
5
Suppose 60*x - 64*x - 4*v = -1604, 3*x = -2*v + 1201. Calculate the remainder when x is divided by 38.
19
Suppose 5*i + 14 = -1, -b + 2*i = -187. What is the remainder when 393 is divided by b?
31
Suppose 5*p - y - 333 = 0, -158 = -5*p + 5*y + 187. Let m = -51 + p. Calculate the remainder when 24 is divided by (m/9)/((-4)/(-24)).
4
Let f = 14180 - 14161. Calculate the remainder when 1253 is divided by f.
18
Let g(a) = -9*a + 15. Let t = -156 + 157. Calculate the remainder when 16 is divided by g(t).
4
Let u = -90 + 226. Let z = -127 + u. Calculate the remainder when ((-3)/(-2))/3*156 is divided by z.
6
Let d(v) = -v**2 - 8*v - 1. Calculate the remainder when 44 + (-1)/((-3)/6) is divided by d(-7).
4
Suppose -62 = -r + 3*u, -3*u + 108 = 2*r - u. Let g = -213 + 148. Let f = g + 94. Calculate the remainder when r is divided by f.
27
Let q(p) = p**3 + 7*p**2 - 5*p - 8. Calculate the remainder when q(-7) is divided by (-238)/(-18) - ((-100)/45)/(-10).
1
Suppose 0 = 31*t - 8273 - 2174. Calculate the remainder when t is divided by (15/6)/(3/24).
17
Suppose -3*r - 58 + 73 = 0. Suppose 2*p = 2*m - 4, -m + r*p + 0 = -2. What is the remainder when 28 is divided by m?
0
Let n(f) = -7*f - 22. Suppose 4*c - 48 = 4*k + 20, -3*k + 5*c = 43. Let r be n(k). Suppose -r = -0*p - 5*p. Calculate the remainder when p is divided by 13.
12
Let j(t) = 2*t - 34. Suppose 8*w = -19*w + 945. What is the remainder when 177 is divided by j(w)?
33
Suppose -111 = 3*j - x, -2*j + 37 = -3*j - 4*x. Let d = 80 + j. Suppose -26 = -2*i + o, 0 = 29*o - 33*o - 16. What is the remainder when d is divided by i?
10
Let m(d) = -d**2 - 95*d + 414. What is the remainder when m(-91) is divided by 152?
18
Suppose 0 = g, -a - g = -0 - 11. Let o = 143379 - 143182. What is the remainder when o is divided by a?
10
Suppose 2*w = 8*w + 174. Let b = w - -140. What is the remainder when b is divided by 38?
35
Let b = 12559 - 12399. Calculate the remainder when 751 is divided by b.
111
Let y = 7 + -2. Let z = -8 - -297. Let v = z + -275. What is the remainder when v is divided by y?
4
Suppose i = 104 - 68. Let s = i + -24. Calculate the remainder when s is divided by 6.
0
Let v(o) = -o**3 + o**2 + 2*o - 8. What is the remainder when 170 is divided by v(-3)?
16
Let j = 22 - 3. Let d = -14 + j. Suppose 3*r - d = 34. Calculate the remainder when 37 is divided by r.
11
Let g(t) = -4*t - 3. Let i be g(-4). Suppose -6*v + i = -11. Suppose 0 = -0*p - p - 2, -434 = -v*c + p. Calculate the remainder when c is divided by 22.
20
Suppose 2*h = -4*s + 1828, 129*h - 2*s = 132*h - 2718. Calculate the remainder when h is divided by 103.
78
Let z be 1/(2/8) + -7 - -39. Calculate the remainder when 120 is divided by z/(-126) - 900/(-14).
56
Suppose -186*j + 194*j - 73 - 167 = 0. What is the remainder when 2547 is divided by j?
27
Let j(t) = -t - 4. Let a be j(-3). Let z be -17 - (-9 - -8 - (a + -1)). Let b = 13 - z. What is the remainder when b is divided by 12?
7
Suppose 0 = 10*o - 14*o + 4. Let c be o/((-88)/(-86) + -1). Suppose 12*g + c = 451. What is the remainder when 168 is divided by g?
32
Let p = 5777 + -5215. Calculate the remainder when p is divided by 57.
49
Suppose -565*g + 543*g = -1100. Suppose 0 = -b + 171 - 25. Calculate the remainder when b is divided by g.
46
Let c(n) = n - 23. Let w be c(25). Calculate the remainder when 77 is divided by 9 - w*(4 + 14/(-4)).
5
Let o(s) = -6*s + 9. Suppose 2*w - f = -3*f + 494, -3*w + 742 = 4*f. What is the remainder when w is divided by o(-13)?
72
Let s be (54 - 29)*(-2)/(-5). Let z = s - -79. What is the remainder when z is divided by 46?
43
Suppose 0 = 3*p - 442 - 89. Let z = -548285 + 548345. Calculate the remainder when p is divided by z.
57
Suppose 0 = d - 7, -d + 32 = 3*k + 16. Calculate the remainder when 6509 is divided by k.
2
Suppose 13*q - 3*q - 590 = 0. Suppose -4*y = 4*f - 20, 5*y - 2*f - q = -6. What is the remainder when 31 is divided by y?
4
Let r = -398 - -745. What is the remainder when r is divided by 173?
1
Suppose 0 = 13*t - 10*t - 4*b - 46, 39 = 3*t - 3*b. Calculate the remainder when 111 is divided by t.
3
Calculate the remainder when (-372)/(-8) - 6/4 is divided by ((-48)/168)/(-1 - (-110)/112).
13
What is the remainder when (2/((-8)/333))/(((-3510)/(-208))/(-45)) is divided by 3?
0
Suppose 2*b - 3793 = -1735. What is the remainder when b is divided by 45?
39
Suppose -2*q - 3*q = -2*f - 1338, -f - 4 = 0. Suppose q = 5*t + 6. Calculate the remainder when t is divided by 27.
25
Calculate the remainder when 1363 is divided by (84/126)/(2/(-21)*-1).
5
Let g be 4 - 3/(2 + -3). Suppose 190 = 4*n - 3*v, 3*v = -5*n + 258 - g. What is the remainder when n is divided by 25?
24
Let n = -627 - -645. Let l be 7/(-2)*-2 + -2. Suppose -2*r + l + 7 = 2*g, 4*g = 4*r + 16. Calculate the remainder when n is divided by g.
3
Suppose 0 = -2*x - 2*z + 40, 0 = 5*x - z + 165 - 247. Calculate the remainder when ((-8)/12)/(4/(-762)) is divided by x.
8
Let d = -348 + 349. What is the remainder when 26/1 - d - (-48)/48 is divided by 10?
6
Let f(y) = 2*y + 95. Let o be f(-11). Suppose -2*c - 5*z = -244 + o, -c + 91 = -3*z. Calculate the remainder when c is divided by 15.
13
Let d = 103 + -63. Calculate the remainder when d is divided by ((-429)/65)/(72/30 - 3).
7
Let s(q) = -148*q + 1505. Calculate the remainder when s(0) is divided by 58.
55
Let j(k) = 24*k - 236. Let h be j(10). Suppose -3*i + 428 = -h. Calculate the remainder when i is divided by 46.
6
What is the remainder when 600 is divided by ((-1)/((-5)/(-7)) + (-4)/(-10))*-76?
68
Suppose 279 - 1449 = -18*m. What is the remainder when 1168 is divided by m?
63
Let n = 365 - 160. Suppose 4*t = 2*z + 406, -4*t - z = -2*t - n. Let g = 32 - 11. What is the remainder when t is divided by g?
18
Suppose 0 = 188*a - 179*a - 15039. Suppose -34*i - a = -16665. Calculate the remainder when i is divided by 113.
102
Calculate the remainder when 6209 is divided by 686/5 + 2*-6*8/(-120).
137
Let x be (-5 - -8)*3/(-3). Let d(n) = -8*n**3 - n**2 + 18*n + 42. Calculate the remainder when d(x) is divided by 45.
15
Suppose 0 = 14*t - 15*t + 3*p + 69, -p = -2*t + 113. Calculate the remainder when 110 is divided by t.
2
What is the remainder when 1429 is divided by (-4 + 529/(-2))*4/(-6)?
176
Let p be 1/(-2) - 588/(-56). Calculate the remainder when 24 is divided by 273/455 - ((-84)/p - 0).
6
Suppose -g + 12 = 5*b - 27, -3*b = g - 25. Suppose -b*a = -5*a - 10, -3*q + 4*a = -73. What is the remainder when q is divided by 11?
9
Let i be 1/(-2)*((-6 - -1) + -3). Suppose 0*n = -2*n + 10, 0 = 4*m + i*n + 88. Let u = -13 - m. What is the remainder when u is divided by 8?
6
Let y(k) = 15*k + 99. Let r be y(8). Let x = 232 - r. Calculate the remainder when x is divided by 8.
5
Suppose -5*x + 62 = -23. Let r(c) = 2*c**2 + 18*c + 13. What is the remainder when r(-10) is divided by x?
16
Let o = -243999 + 244020. Let g(h) = -h**2 + 7*h. Let p be g(6). Let x(i) = 10*i. What is the remainder when x(p) is divided by o?
18
Calculate the remainder when 178 is divided by ((-306)/27 - -11)/((-2)/702).
61
Suppose 0 = -z + 6*z - 135. Suppose -4*u + 289 = 57. Suppose 5*l = u + z. What is the remainder when 33 is divided by l?
16
Let j = 125 + -55. Let g(i) be the second derivative of i**5/10 - 5*i**4/12 - i**3/3 - 2*i**2 + 8*i. What is the remainder when j is divided by g(4)?
34
Calculate the remainder when 418 is divided by 183 + -7 + 20*8/32.
56
What is the remainder when (2/(-4))/1*-46 is divided by (-1 + (-18)/(-4))/((-840)/(-1440))?
5
Let j(m) = 94*m + 21. Suppose 75 + 5 = 2*n. What is the remainder when j(1) is divided by n?
35
Suppose 6 = -5*x + 86. Suppose -x*w - 24 = -19*w. Suppose -9*z = -w*z - 89. What is the remain